
5
Let w be 2 + -1*(1 + 38). Let t = w + 61. List the prime factors of t.
2, 3
Suppose -g - 3*h - 15 = 0, 5*g + 3*h + 75 = -0*h. Let z be (5/3)/(1/g). List the prime factors of 48/10 + (-5)/z.
5
Let b be 2/(-5) - 49/(-35). Let q(n) = 23*n**2 - 2*n + 1. Let u be q(b). Suppose -3*p + u = -p. List the prime factors of p.
11
Suppose -4*h = h - 15. Suppose 5*t = h*g - 57 + 7, 36 = 2*g - 4*t. What are the prime factors of g?
2, 5
Let v(h) be the third derivative of h**6/120 - h**5/20 - 5*h**4/24 + h**3/6 - 3*h**2. What are the prime factors of v(5)?
2, 13
Suppose 0 = -4*q - q + h - 59, -5*q - 57 = -3*h. Let l(c) = 2*c**2 - 26*c - 11. Let u be l(14). Let y = q + u. List the prime factors of y.
5
Let u be (20 - 6/(-3)) + -2. List the prime factors of u/(0 - (-4 - -2)).
2, 5
Suppose -7 = -5*b + 8, 5*b = 5*f - 1625. List the prime factors of f.
2, 41
Let g(b) be the second derivative of b**4/3 - 2*b. List the prime factors of g(-1).
2
Suppose 0 = 2*f + 13 + 15. Let r = 25 + f. Suppose -r = -2*p - j, p - 5 = -p + 5*j. List the prime factors of p.
5
Let s = 249 + -166. List the prime factors of s.
83
Let m(y) be the second derivative of 0 - 1/3*y**3 - 5/2*y**2 + 2*y. What are the prime factors of m(-5)?
5
Let w be (-1083)/(-15) + 3/(-15). Suppose o = 4*o - w. Suppose x - o = -2*x. List the prime factors of x.
2
Suppose 3*j + 47 = 4*r, r = 2*j + 17 + 1. Let b(w) = -w. Let u(o) = 3*o + 15. Let p(c) = 4*b(c) + u(c). List the prime factors of p(r).
7
Let n(q) = -q**3 - 7*q**2 - 6*q + 8. Let d(s) = -2*s + 10. Let u be d(-7). Suppose r = 5*r + u. What are the prime factors of n(r)?
2
Suppose -4*z + 4 = -p, 3*z + 16 = 8*z - 4*p. Suppose z = 8*q - 3*q - 15. List the prime factors of q.
3
Suppose i + 0*i = 12. Suppose 2*w + w + i = 0. Let m(o) = -o**3 - 4*o**2 - 2*o + 3. What are the prime factors of m(w)?
11
Suppose 0*g + 6*g - 438 = 0. Suppose 5*t - 2 = g. What are the prime factors of t?
3, 5
Suppose 6*y - 24 - 30 = 0. What are the prime factors of y?
3
Suppose 0 = -5*p + 3*w + 35, -2*p + 9 = -2*w - 9. List the prime factors of p.
2
Let n = -95 + 143. Suppose n + 32 = 2*f. What are the prime factors of f?
2, 5
Let d = 72 + 88. List the prime factors of d.
2, 5
Let n be 6/4*(4 - 2). Let u be 3 - (-1 + n/3). Suppose -u = -3*i - 0*i, 71 = 4*d + 3*i. List the prime factors of d.
17
Suppose -q + 4*g = -48, 2*g - 6*g = -4*q + 204. What are the prime factors of q?
2, 13
Let f(j) = -3*j**3 + j**2 - 2*j - 8. What are the prime factors of f(-4)?
2, 13
Let f = -10 + 26. What are the prime factors of f?
2
Suppose 0 = 13*h - 0*h - 1664. List the prime factors of h.
2
What are the prime factors of (1 - 0)/((-5)/10) + 49?
47
Let p(a) = a**3 + a**2 + a + 34. Let i be p(0). Let c be i/8 - 4/16. Suppose c*b + 7 - 19 = 0. List the prime factors of b.
3
Suppose 24*g = 15*g + 2259. List the prime factors of g.
251
Let r be (42/35)/(3/(-10)). Let d = 9 + r. What are the prime factors of d?
5
Let d = -268 - -445. What are the prime factors of d?
3, 59
Let p be ((-21)/28)/((-2)/(-8)). List the prime factors of (p - -1)*(-90)/12.
3, 5
Suppose -1 = -4*y + 15. Suppose -f + 5*r - 10 = 3*f, -f = r - 2. Suppose -5*m = y*n - 36, -5*n - 6*m + 2*m + 36 = f. List the prime factors of n.
2
Let n(o) = -5*o + 10. Let r(w) = 5*w - 9. Let g(d) = 2*n(d) + 3*r(d). What are the prime factors of g(8)?
3, 11
Let l(c) = -2*c + 1. Let o be l(2). Let n(x) be the third derivative of -x**6/120 - x**5/20 - x**4/12 - x**3/6 + 5*x**2. What are the prime factors of n(o)?
5
Let n be (-1)/1 - -5 - -11. List the prime factors of 546/9 - 10/n.
2, 3, 5
Suppose h - 5 = 9. Let i(a) = -a**2 + 15*a. What are the prime factors of i(h)?
2, 7
Let n be -5*(1 + 2 + -2). Let j = 7 + n. What are the prime factors of j?
2
Let f(z) = -5*z**3 - z**2 - 2*z - 1. Let t be 2 - (-2 - -3 - 0). Suppose 5*x + 4 = -t. What are the prime factors of f(x)?
5
Suppose -c = -5*m - 7 - 53, 2*m - 2 = 0. List the prime factors of c.
5, 13
Suppose -4*s - 5*w + 333 = 0, -w + 372 = 5*s - 60. What are the prime factors of s?
3, 29
Let v = 5 + -2. Suppose -p - v = -7. What are the prime factors of p?
2
Suppose 7*q - 25*q + 4716 = 0. What are the prime factors of q?
2, 131
Suppose 16 = -3*g - 4*q, 5 = 5*g - q + 1. Let p = g + 26. List the prime factors of p.
2, 13
List the prime factors of 1 + 22/(-26) + 31464/312.
101
Suppose 5*i = -4*h - 12, -2*h - 2*h = -i + 12. Suppose 4*n = -i*n - 1416. List the prime factors of (-4)/(-10) - n/15.
2, 3
Let o = 15 + 52. What are the prime factors of o?
67
Let x(d) = -15*d + 2. What are the prime factors of x(-11)?
167
What are the prime factors of 42/(3/((-6)/(-2)))?
2, 3, 7
Suppose -l - 5*v = -107, 4*v = 7 + 13. What are the prime factors of l?
2, 41
Let y = 18 + -14. Suppose y*l - 42 = 46. What are the prime factors of l?
2, 11
Let m be (-4)/(-1) - (-2)/1. Let t be (56/m)/(4/12). What are the prime factors of (t/(-12))/((-2)/6)?
7
Let i be (-1 - (-2)/(-4))*6. Suppose 4*l - 5*r = 32, 0 = -0*l + 3*l - 4*r - 25. List the prime factors of 19/3 + l/i.
2, 3
Suppose 3*h - 53 = 5*w, -2*w + 57 = 5*h + 10. What are the prime factors of h?
11
Let q(j) = j**2 - 6*j + 3. Let w be q(11). Suppose -12 - w = -5*t. What are the prime factors of t?
2, 7
Let r be 6/(-7)*(0 + -7). Let t(b) = 5*b - 3. Let j be t(r). Suppose -g - 2*g + j = 0. List the prime factors of g.
3
Suppose 2*c = 3*w - 12, 3*c + w + w - 8 = 0. List the prime factors of (2 - c) + -3 + 39.
2, 19
Let o(h) = 11*h**2 + 11*h + 11. Let n(p) = -4*p + 3. Let r be n(4). Let d(q) = 5*q**2 + 5*q + 5. Let b(l) = r*d(l) + 6*o(l). List the prime factors of b(-2).
3
Let t(i) = i**2 + 5*i + 2. Let n be t(-5). Let k be 2/(1 - 1/n). Suppose -c = -g + 2, -4*c + k = -4*g + 3*g. What are the prime factors of g?
2
Suppose g = -3*g. Suppose g*k + 10 = 2*k. Suppose 7 = -k*c + 57. What are the prime factors of c?
2, 5
Let m be (-3)/1 - (-13 + 0). Let g = -5 + m. List the prime factors of g.
5
Let b = -4 - -9. Let l(c) = -2*c - 6. Let t be l(b). What are the prime factors of (t + 2)/(-1)*1?
2, 7
Let r = -6 - -8. Suppose -p + r*p = 28. Let v = 42 - p. What are the prime factors of v?
2, 7
Let j(i) = i**2. Let a = 5 - 3. What are the prime factors of j(a)?
2
Let n = 2 + 10. List the prime factors of ((-4)/n)/((-1)/33).
11
Let o = 15 + -8. Let h = o - 2. Suppose h*j - 87 = -27. What are the prime factors of j?
2, 3
Let v(y) = y. Let x be v(5). Let m = x - 2. What are the prime factors of -1 + 2/m*15?
3
What are the prime factors of 138/(-4)*10/(-15)?
23
List the prime factors of 77 + 14 + (1 - -3).
5, 19
Let u(l) = -4*l - 16. List the prime factors of u(-5).
2
Let j = 261 - -1. What are the prime factors of j?
2, 131
Suppose g - 3*i = 72, 2*g - 2*i = -i + 119. List the prime factors of g.
3, 19
Suppose 67 = 3*n - 4*d - d, -3*d = 2*n - 70. What are the prime factors of n?
29
Let a(q) = -q**3 - 4*q**2 + 2*q - 26. What are the prime factors of a(-6)?
2, 17
Suppose -j + 220 - 49 = 0. List the prime factors of j.
3, 19
Let k(h) = 3*h - 3*h - h + 4. What are the prime factors of k(-6)?
2, 5
Let v(d) = 5*d**2 - 4*d + 9. List the prime factors of v(-4).
3, 5, 7
Let t be (-1 - -1)/(-2 - -1). Suppose -l + 7 - 1 = t. What are the prime factors of l?
2, 3
Let h be 12/(-15)*(1 - 6). Let a(d) = d - 2. What are the prime factors of a(h)?
2
Let p be (1 + 1)/(6/12). Let b be ((-2)/p + 0)*0. Suppose b*q - 10 = -5*q. List the prime factors of q.
2
Let l(d) = -30*d. Let t be l(-2). Suppose 39 = 3*i - t. What are the prime factors of i?
3, 11
Let i = -33 - -23. Let g be (-9)/(-6)*4/(-6). List the prime factors of i/(-2 - 1/g).
2, 5
Let a(s) = -s**3 + 9*s**2 - 9*s + 1. Let c be a(8). Let o(t) = -2*t - 1 + 6*t**2 - t**2 - 3*t**3 + 2*t**2 + 4*t**3. List the prime factors of o(c).
13
Let a(m) = m + 5. Let h(c) = 10*c**2 + 1. Let l be h(1). Let f(g) = -3*g - 14. Let o(z) = l*a(z) + 4*f(z). List the prime factors of o(-8).
7
Let x = 3 + -2. Let g = x + 4. Suppose 2*a + 75 = 7*a + g*m, 0 = 2*a + m - 32. What are the prime factors of a?
17
Let z be (-8)/12 - 16/(-6). Let f be z/(-5) - (-60)/25. Suppose 3*c = -f*c + r + 18, 5*r = 3*c - 2. What are the prime factors of c?
2
Let a(j) = -j**2 - 7*j - 4. Let o be a(-5). Let r be (o/(-4))/((-2)/(-8)). List the prime factors of 4/(-6) - 52/r.
2
Suppose m - 6 + 3 = 0. Let t =